{"id":1384,"date":"2020-11-25T13:37:02","date_gmt":"2020-11-25T12:37:02","guid":{"rendered":"https:\/\/www.euroauto.si\/?page_id=1384"},"modified":"2020-11-25T14:13:53","modified_gmt":"2020-11-25T13:13:53","slug":"valvoline","status":"publish","type":"page","link":"https:\/\/www.euroauto.si\/?page_id=1384","title":{"rendered":"VALVOLINE"},"content":{"rendered":"\n<p>Valvoline je \u017ee 150 let vodilni na podro\u010dju tehnologije maziv. \u017de od leta 1939 inovira kakovostne izdelke, ki maksimirajo nego motorja. Danes Valvoline upravlja globalno mre\u017eo raziskovalnih in razvojnih laboratorijev, distribucije in slu\u017eb za stranke v 140 dr\u017eavah. Poleg vodilnih izdelkov, Valvoline v industriji ponuja vse ve\u010djo mo\u010d svetovne blagovne znamke in<br>inovativna orodja, zaradi katerih je Valvoline dragocen partner z monterji, trgovci, dilerji, proizvajalci opreme in nosilci dejavnosti. <\/p>\n\n\n\n<div class=\"wp-block-image\"><figure class=\"aligncenter size-large\"><img loading=\"lazy\" decoding=\"async\" width=\"472\" height=\"457\" src=\"https:\/\/www.euroauto.si\/wp-content\/uploads\/2020\/11\/valvoline_01-e1606308125293.png\" alt=\"\" class=\"wp-image-1386\"\/><\/figure><\/div>\n\n\n\n<p>Je edino podjetje za motorna olja, ki je lahko izvedlo vseh pet zahtevanih testov za bencin kategorije API in ILSAC v njihovem laboratoriju za preizku\u0161anje motorjev. <\/p>\n\n\n\n<p>Te napredne tehnologije za preizku\u0161anje motorja omogo\u010dajo Valvolineu ve\u010d svobode in prilagodljivosti za inovacije za njihove stranke. Valvoline se vedno premika in nadaljuje dolgoletno tradicijo inovacij z dodano vrednostjo za uporabnike in partnerje.<\/p>\n\n\n\n<p>Valvoline ponuja \u0161iroko paleto vrhunskih izdelkov od motornega olja do izdelkov za videz avtomobilov. Ponuja vrhunske izdelke tako za vozila izven avtoceste, od avtomobilov in motornih koles do tovornjakov in stacionarnih industrijskih motorjev.<\/p>\n\n\n\n<p>Produkti:<br>\uf0b7 Motorno olje<br>\uf0b7 Hladilne teko\u010dine<br>\uf0b7 Olja za zobnike in menjalnike<br>\uf0b7 Masti<br>\uf0b7 Industrijska olja<br>\uf0b7 Hidravli\u010dna olja<br>\uf0b7 Servisne teko\u010dine in kemikalije<br>\uf0b7 Specialne teko\u010dine<br>\uf0b7 Izdelki za delavnice<br>\uf0b7 Tektil<\/p>\n","protected":false},"excerpt":{"rendered":"<p>Valvoline je \u017ee 150 let vodilni na podro\u010dju tehnologije maziv. \u017de od leta 1939 inovira kakovostne izdelke, ki maksimirajo nego motorja. Danes Valvoline upravlja globalno mre\u017eo raziskovalnih in razvojnih laboratorijev, distribucije in slu\u017eb za stranke v 140 dr\u017eavah. Poleg vodilnih izdelkov, Valvoline v industriji ponuja vse ve\u010djo mo\u010d svetovne blagovne znamke ininovativna orodja, zaradi katerih [&hellip;]<\/p>\n","protected":false},"author":1,"featured_media":0,"parent":0,"menu_order":0,"comment_status":"closed","ping_status":"closed","template":"","meta":{"footnotes":""},"class_list":["post-1384","page","type-page","status-publish","hentry"],"_links":{"self":[{"href":"https:\/\/www.euroauto.si\/index.php?rest_route=\/wp\/v2\/pages\/1384","targetHints":{"allow":["GET"]}}],"collection":[{"href":"https:\/\/www.euroauto.si\/index.php?rest_route=\/wp\/v2\/pages"}],"about":[{"href":"https:\/\/www.euroauto.si\/index.php?rest_route=\/wp\/v2\/types\/page"}],"author":[{"embeddable":true,"href":"https:\/\/www.euroauto.si\/index.php?rest_route=\/wp\/v2\/users\/1"}],"replies":[{"embeddable":true,"href":"https:\/\/www.euroauto.si\/index.php?rest_route=%2Fwp%2Fv2%2Fcomments&post=1384"}],"version-history":[{"count":2,"href":"https:\/\/www.euroauto.si\/index.php?rest_route=\/wp\/v2\/pages\/1384\/revisions"}],"predecessor-version":[{"id":1387,"href":"https:\/\/www.euroauto.si\/index.php?rest_route=\/wp\/v2\/pages\/1384\/revisions\/1387"}],"wp:attachment":[{"href":"https:\/\/www.euroauto.si\/index.php?rest_route=%2Fwp%2Fv2%2Fmedia&parent=1384"}],"curies":[{"name":"wp","href":"https:\/\/api.w.org\/{rel}","templated":true}]}}